{"id":6008,"date":"2017-02-07T16:48:00","date_gmt":"2017-02-07T16:48:00","guid":{"rendered":"https:\/\/simancas-aa.com\/?page_id=6008"},"modified":"2020-08-28T15:15:12","modified_gmt":"2020-08-28T15:15:12","slug":"area-legal","status":"publish","type":"page","link":"https:\/\/simancas-aa.com\/?page_id=6008","title":{"rendered":"\u00c1rea Legal"},"content":{"rendered":"<p style=\"text-align: justify;\"><span style=\"font-size: 10pt;\"><br \/>\nNuestros abogados le ayudar\u00e1n con cualquier contingencia legal que pueda tener. Todos ellos\u00a0cuentan con una dilatada experiencia\u00a0que permite ofrecer a nuestros clientes un servicio de calidad y eficiente. Contamos con un equipo multidisciplinar que colabora en equipo, lo que permite que los asuntos que implican m\u00e1s de un \u00e1rea legal puedan resolverse de la manera m\u00e1s \u00f3ptima y sin suponer por ello un incremento en los honorarios. Simancas Abogados cuenta con abogados especializados en derecho administrativo, laboral, mercantil y tributario, as\u00ed como en procedimientos concursales.<br \/>\n<\/span><\/p>\n<h4>DERECHO ADMINISTRATIVO:<\/h4>\n<ul>\n<li>Procedimientos administrativos y contencioso-administrativos.<\/li>\n<li>Urbanismo<\/li>\n<li>Medioambiente<\/li>\n<\/ul>\n<h4>PROCEDIMIENTOS CONCURSALES<\/h4>\n<h4>\u00c1REA LABORAL:<\/h4>\n<ul>\n<li>Asistencia Servicios de Mediaci\u00f3n, Sanciones, Despidos.<\/li>\n<li>Asesoramiento y asistencia Inspecciones de Trabajo.<\/li>\n<li>Litigios Juzgado.<\/li>\n<li>Contratos de trabajo.<\/li>\n<li>Trabajadores desplazados.<\/li>\n<li>Pol\u00edtica de teletrabajo<\/li>\n<\/ul>\n<h4>\u00c1REA TRIBUTARIA:<\/h4>\n<ul>\n<li>Asesoramiento a personas f\u00edsicas o jur\u00eddicas en todo tipo de cuestiones fiscales, a nivel nacional e internacional.<\/li>\n<li>Procedimientos e inspecciones tributarias.<\/li>\n<li>Sanciones<\/li>\n<li>Representaci\u00f3n y defensa en procedimientos contenciosos tributarios.<\/li>\n<li>Operaciones vinculadas y precios de transferencia.<\/li>\n<li>Fiscalidad Europea<\/li>\n<li>Derecho penal tributario (delitos fiscales).<\/li>\n<\/ul>\n<h4>PROCEDIMIENTOS JUDICIALES \u00c1REA CIVIL<\/h4>\n<h4>DERECHO MERCANTIL<\/h4>\n<p style=\"text-align: justify;\">El despacho posee una dilatada experiencia en el asesoramiento de empresas. Le asesoramos en:<\/p>\n<ul>\n<li style=\"text-align: justify;\">Constituci\u00f3n de Sociedades Mercantiles.<\/li>\n<li style=\"text-align: justify;\">Modificaci\u00f3n y disoluci\u00f3n de Sociedades Mercantiles.<\/li>\n<li style=\"text-align: justify;\">Fusiones y adquisiciones.<\/li>\n<li style=\"text-align: justify;\">Contratos Mercantiles.<\/li>\n<li style=\"text-align: justify;\">Empresas extranjeras, asesoramiento y constituci\u00f3n de filiales.<\/li>\n<li style=\"text-align: justify;\">Localizaci\u00f3n para implantar una empresa extranjera.<\/li>\n<li style=\"text-align: justify;\">Asesoramiento y llevanza de Secretar\u00edas de Consejo de Administraci\u00f3n.<\/li>\n<li style=\"text-align: justify;\">Acuerdos societarios y formalizaci\u00f3n registral.<\/li>\n<li style=\"text-align: justify;\">Redacci\u00f3n y negociaci\u00f3n de contratos de compraventa.<\/li>\n<\/ul>\n","protected":false},"excerpt":{"rendered":"<p>Nuestros abogados le ayudar\u00e1n con cualquier contingencia legal que pueda tener. Todos ellos\u00a0cuentan con una dilatada experiencia\u00a0que permite ofrecer a nuestros clientes un servicio de calidad y eficiente. Contamos con un equipo multidisciplinar que colabora en equipo, lo que permite que los asuntos que implican m\u00e1s de un \u00e1rea legal puedan resolverse de la manera&#8230;<\/p>\n","protected":false},"author":3,"featured_media":0,"parent":0,"menu_order":0,"comment_status":"closed","ping_status":"closed","template":"","meta":[],"_links":{"self":[{"href":"https:\/\/simancas-aa.com\/index.php?rest_route=\/wp\/v2\/pages\/6008"}],"collection":[{"href":"https:\/\/simancas-aa.com\/index.php?rest_route=\/wp\/v2\/pages"}],"about":[{"href":"https:\/\/simancas-aa.com\/index.php?rest_route=\/wp\/v2\/types\/page"}],"author":[{"embeddable":true,"href":"https:\/\/simancas-aa.com\/index.php?rest_route=\/wp\/v2\/users\/3"}],"replies":[{"embeddable":true,"href":"https:\/\/simancas-aa.com\/index.php?rest_route=%2Fwp%2Fv2%2Fcomments&post=6008"}],"version-history":[{"count":7,"href":"https:\/\/simancas-aa.com\/index.php?rest_route=\/wp\/v2\/pages\/6008\/revisions"}],"predecessor-version":[{"id":6707,"href":"https:\/\/simancas-aa.com\/index.php?rest_route=\/wp\/v2\/pages\/6008\/revisions\/6707"}],"wp:attachment":[{"href":"https:\/\/simancas-aa.com\/index.php?rest_route=%2Fwp%2Fv2%2Fmedia&parent=6008"}],"curies":[{"name":"wp","href":"https:\/\/api.w.org\/{rel}","templated":true}]}}